{"id":32,"date":"2023-05-16T13:55:18","date_gmt":"2023-05-16T16:55:18","guid":{"rendered":"https:\/\/rosangelavieirapsi.com.br\/?page_id=32"},"modified":"2023-05-31T15:16:27","modified_gmt":"2023-05-31T18:16:27","slug":"sobre-mim","status":"publish","type":"page","link":"https:\/\/rosangelavieirapsi.com.br\/?page_id=32","title":{"rendered":"ATENDIMENTOS"},"content":{"rendered":"\t\t<div data-elementor-type=\"wp-page\" data-elementor-id=\"32\" class=\"elementor elementor-32\">\n\t\t\t\t\t\t\t\t\t<section class=\"elementor-section elementor-top-section elementor-element elementor-element-425e760 elementor-section-height-min-height elementor-section-boxed elementor-section-height-default elementor-section-items-middle\" data-id=\"425e760\" data-element_type=\"section\" data-settings=\"{&quot;background_background&quot;:&quot;classic&quot;}\">\n\t\t\t\t\t\t\t<div class=\"elementor-background-overlay\"><\/div>\n\t\t\t\t\t\t\t<div class=\"elementor-container elementor-column-gap-default\">\n\t\t\t\t\t<div class=\"elementor-column elementor-col-100 elementor-top-column elementor-element elementor-element-5b79552\" data-id=\"5b79552\" data-element_type=\"column\">\n\t\t\t<div class=\"elementor-widget-wrap elementor-element-populated\">\n\t\t\t\t\t\t\t\t<div class=\"elementor-element elementor-element-68acddc elementor-widget elementor-widget-heading\" data-id=\"68acddc\" data-element_type=\"widget\" data-widget_type=\"heading.default\">\n\t\t\t\t<div class=\"elementor-widget-container\">\n\t\t\t<style>\/*! elementor - v3.12.1 - 02-04-2023 *\/\n.elementor-heading-title{padding:0;margin:0;line-height:1}.elementor-widget-heading .elementor-heading-title[class*=elementor-size-]>a{color:inherit;font-size:inherit;line-height:inherit}.elementor-widget-heading .elementor-heading-title.elementor-size-small{font-size:15px}.elementor-widget-heading .elementor-heading-title.elementor-size-medium{font-size:19px}.elementor-widget-heading .elementor-heading-title.elementor-size-large{font-size:29px}.elementor-widget-heading .elementor-heading-title.elementor-size-xl{font-size:39px}.elementor-widget-heading .elementor-heading-title.elementor-size-xxl{font-size:59px}<\/style><h2 class=\"elementor-heading-title elementor-size-default\">Vamos juntos nessa jornada<\/h2>\t\t<\/div>\n\t\t\t\t<\/div>\n\t\t\t\t<div class=\"elementor-element elementor-element-97b6685 elementor-widget elementor-widget-text-editor\" data-id=\"97b6685\" data-element_type=\"widget\" data-widget_type=\"text-editor.default\">\n\t\t\t\t<div class=\"elementor-widget-container\">\n\t\t\t<style>\/*! elementor - v3.12.1 - 02-04-2023 *\/\n.elementor-widget-text-editor.elementor-drop-cap-view-stacked .elementor-drop-cap{background-color:#69727d;color:#fff}.elementor-widget-text-editor.elementor-drop-cap-view-framed .elementor-drop-cap{color:#69727d;border:3px solid;background-color:transparent}.elementor-widget-text-editor:not(.elementor-drop-cap-view-default) .elementor-drop-cap{margin-top:8px}.elementor-widget-text-editor:not(.elementor-drop-cap-view-default) .elementor-drop-cap-letter{width:1em;height:1em}.elementor-widget-text-editor .elementor-drop-cap{float:left;text-align:center;line-height:1;font-size:50px}.elementor-widget-text-editor .elementor-drop-cap-letter{display:inline-block}<\/style>\t\t\t\t<p>Convido voc\u00ea a escolher um caminho longe de traumas e dores do passado que a\/o impedem de ter uma vida de realiza\u00e7\u00f5es.<\/p>\t\t\t\t\t\t<\/div>\n\t\t\t\t<\/div>\n\t\t\t\t\t<\/div>\n\t\t<\/div>\n\t\t\t\t\t\t\t<\/div>\n\t\t<\/section>\n\t\t\t\t<section class=\"elementor-section elementor-top-section elementor-element elementor-element-81a3734 elementor-section-boxed elementor-section-height-default elementor-section-height-default\" data-id=\"81a3734\" data-element_type=\"section\">\n\t\t\t\t\t\t<div class=\"elementor-container elementor-column-gap-default\">\n\t\t\t\t\t<div class=\"elementor-column elementor-col-50 elementor-top-column elementor-element elementor-element-f319c41\" data-id=\"f319c41\" data-element_type=\"column\">\n\t\t\t<div class=\"elementor-widget-wrap elementor-element-populated\">\n\t\t\t\t\t\t\t\t<div class=\"elementor-element elementor-element-9daaa06 elementor-widget elementor-widget-heading\" data-id=\"9daaa06\" data-element_type=\"widget\" data-widget_type=\"heading.default\">\n\t\t\t\t<div class=\"elementor-widget-container\">\n\t\t\t<h2 class=\"elementor-heading-title elementor-size-default\">ABORDAGEM EMDR <\/h2>\t\t<\/div>\n\t\t\t\t<\/div>\n\t\t\t\t<div class=\"elementor-element elementor-element-ba14eda elementor-widget elementor-widget-heading\" data-id=\"ba14eda\" data-element_type=\"widget\" data-widget_type=\"heading.default\">\n\t\t\t\t<div class=\"elementor-widget-container\">\n\t\t\t<h2 class=\"elementor-heading-title elementor-size-default\">Eye Movement Dessensitization and Reprocessing <\/h2>\t\t<\/div>\n\t\t\t\t<\/div>\n\t\t\t\t<div class=\"elementor-element elementor-element-02d58a4 elementor-widget elementor-widget-text-editor\" data-id=\"02d58a4\" data-element_type=\"widget\" data-widget_type=\"text-editor.default\">\n\t\t\t\t<div class=\"elementor-widget-container\">\n\t\t\t\t\t\t\t<p>Em portugu\u00eas significa Dessensibiliza\u00e7\u00e3o e Reprocessamento atrav\u00e9s do Movimento dos Olhos<\/p>\t\t\t\t\t\t<\/div>\n\t\t\t\t<\/div>\n\t\t\t\t<div class=\"elementor-element elementor-element-c34f00f elementor-align-left elementor-widget elementor-widget-button\" data-id=\"c34f00f\" data-element_type=\"widget\" data-widget_type=\"button.default\">\n\t\t\t\t<div class=\"elementor-widget-container\">\n\t\t\t\t\t<div class=\"elementor-button-wrapper\">\n\t\t\t<a href=\"#\" class=\"elementor-button-link elementor-button elementor-size-sm elementor-animation-push\" role=\"button\">\n\t\t\t\t\t\t<span class=\"elementor-button-content-wrapper\">\n\t\t\t\t\t\t<span class=\"elementor-button-text\">AGENDAR<\/span>\n\t\t<\/span>\n\t\t\t\t\t<\/a>\n\t\t<\/div>\n\t\t\t\t<\/div>\n\t\t\t\t<\/div>\n\t\t\t\t\t<\/div>\n\t\t<\/div>\n\t\t\t\t<div class=\"elementor-column elementor-col-50 elementor-top-column elementor-element elementor-element-9e9991b\" data-id=\"9e9991b\" data-element_type=\"column\">\n\t\t\t<div class=\"elementor-widget-wrap elementor-element-populated\">\n\t\t\t\t\t\t\t\t<div class=\"elementor-element elementor-element-a552d28 elementor-widget elementor-widget-text-editor\" data-id=\"a552d28\" data-element_type=\"widget\" data-widget_type=\"text-editor.default\">\n\t\t\t\t<div class=\"elementor-widget-container\">\n\t\t\t\t\t\t\t<p>O EMDR \u00e9 uma abordagem psicoterap\u00eautica americana que desbloqueia mem\u00f3rias dolorosas atrav\u00e9s de estimula\u00e7\u00e3o bilateral do c\u00e9rebro, ajudando a superar traumas e melhorar a qualidade de vida.<\/p><p>Foi desenvolvida nos anos 80 para tratar o TEPT, mas agora tamb\u00e9m \u00e9 usada para ansiedade, s\u00edndrome do p\u00e2nico, dor cr\u00f4nica, luto, depend\u00eancia qu\u00edmica, depress\u00e3o, compuls\u00e3o alimentar, transtorno bipolar e doen\u00e7as psicossom\u00e1ticas.<\/p><p>O EMDR funciona como o sono REM, ajudando o c\u00e9rebro a processar mem\u00f3rias antigas ou traumas.<\/p><p>A terapia EMDR \u00e9 composta por 8 fases e s\u00f3 pode ser aplicada por um terapeuta EMDR treinado.<\/p>\t\t\t\t\t\t<\/div>\n\t\t\t\t<\/div>\n\t\t\t\t\t<\/div>\n\t\t<\/div>\n\t\t\t\t\t\t\t<\/div>\n\t\t<\/section>\n\t\t\t\t<section class=\"elementor-section elementor-top-section elementor-element elementor-element-9e2cb28 elementor-section-height-min-height elementor-section-boxed elementor-section-height-default elementor-section-items-middle\" data-id=\"9e2cb28\" data-element_type=\"section\" data-settings=\"{&quot;background_background&quot;:&quot;classic&quot;}\">\n\t\t\t\t\t\t<div class=\"elementor-container elementor-column-gap-default\">\n\t\t\t\t\t<div class=\"elementor-column elementor-col-100 elementor-top-column elementor-element elementor-element-72df50b\" data-id=\"72df50b\" data-element_type=\"column\">\n\t\t\t<div class=\"elementor-widget-wrap\">\n\t\t\t\t\t\t\t\t\t<\/div>\n\t\t<\/div>\n\t\t\t\t\t\t\t<\/div>\n\t\t<\/section>\n\t\t\t\t<section class=\"elementor-section elementor-top-section elementor-element elementor-element-3918fe7 elementor-section-boxed elementor-section-height-default elementor-section-height-default\" data-id=\"3918fe7\" data-element_type=\"section\">\n\t\t\t\t\t\t<div class=\"elementor-container elementor-column-gap-default\">\n\t\t\t\t\t<div class=\"elementor-column elementor-col-50 elementor-top-column elementor-element elementor-element-25e1231\" data-id=\"25e1231\" data-element_type=\"column\">\n\t\t\t<div class=\"elementor-widget-wrap elementor-element-populated\">\n\t\t\t\t\t\t\t\t<div class=\"elementor-element elementor-element-07d89a5 elementor-widget elementor-widget-heading\" data-id=\"07d89a5\" data-element_type=\"widget\" data-widget_type=\"heading.default\">\n\t\t\t\t<div class=\"elementor-widget-container\">\n\t\t\t<h2 class=\"elementor-heading-title elementor-size-default\">ATENDIMENTOS<\/h2>\t\t<\/div>\n\t\t\t\t<\/div>\n\t\t\t\t<div class=\"elementor-element elementor-element-8457e74 elementor-widget elementor-widget-heading\" data-id=\"8457e74\" data-element_type=\"widget\" data-widget_type=\"heading.default\">\n\t\t\t\t<div class=\"elementor-widget-container\">\n\t\t\t<h2 class=\"elementor-heading-title elementor-size-default\">Sa\u00fade Mental<\/h2>\t\t<\/div>\n\t\t\t\t<\/div>\n\t\t\t\t<div class=\"elementor-element elementor-element-6276cdc elementor-widget elementor-widget-text-editor\" data-id=\"6276cdc\" data-element_type=\"widget\" data-widget_type=\"text-editor.default\">\n\t\t\t\t<div class=\"elementor-widget-container\">\n\t\t\t\t\t\t\t<p><strong>A import\u00e2ncia de cuidar da qualidade de vida <\/strong><\/p>\t\t\t\t\t\t<\/div>\n\t\t\t\t<\/div>\n\t\t\t\t<div class=\"elementor-element elementor-element-8e224d9 elementor-widget elementor-widget-text-editor\" data-id=\"8e224d9\" data-element_type=\"widget\" data-widget_type=\"text-editor.default\">\n\t\t\t\t<div class=\"elementor-widget-container\">\n\t\t\t\t\t\t\t<p>A Sa\u00fade Mental \u00e9 um termo que est\u00e1 sendo cada vez mais utilizado e procurado atualmente, seja para compreender melhor a n\u00f3s mesmos ou os outros.<\/p><p>No entanto, \u00e9 importante lembrar que sa\u00fade mental n\u00e3o se limita \u00e0 aus\u00eancia de doen\u00e7as ou transtornos mentais, mas sim a uma quest\u00e3o de qualidade de vida.<\/p><p>O termo ganhou destaque ap\u00f3s a Reforma Psiqui\u00e1trica, quando se percebeu que n\u00e3o se referia apenas aos &#8220;loucos&#8221;.<\/p><p>Ter sa\u00fade mental significa ser capaz de equilibrar emo\u00e7\u00f5es e rela\u00e7\u00f5es de forma eficaz em \u00e2mbitos pessoais e profissionais, estar bem consigo mesmo, aceitar-se e saber lidar com as frustra\u00e7\u00f5es.<\/p>\t\t\t\t\t\t<\/div>\n\t\t\t\t<\/div>\n\t\t\t\t<div class=\"elementor-element elementor-element-086a9fd elementor-align-left elementor-widget elementor-widget-button\" data-id=\"086a9fd\" data-element_type=\"widget\" data-widget_type=\"button.default\">\n\t\t\t\t<div class=\"elementor-widget-container\">\n\t\t\t\t\t<div class=\"elementor-button-wrapper\">\n\t\t\t<a href=\"#\" class=\"elementor-button-link elementor-button elementor-size-sm elementor-animation-push\" role=\"button\">\n\t\t\t\t\t\t<span class=\"elementor-button-content-wrapper\">\n\t\t\t\t\t\t<span class=\"elementor-button-text\">AGENDAR<\/span>\n\t\t<\/span>\n\t\t\t\t\t<\/a>\n\t\t<\/div>\n\t\t\t\t<\/div>\n\t\t\t\t<\/div>\n\t\t\t\t\t<\/div>\n\t\t<\/div>\n\t\t\t\t<div class=\"elementor-column elementor-col-50 elementor-top-column elementor-element elementor-element-c7fd075\" data-id=\"c7fd075\" data-element_type=\"column\">\n\t\t\t<div class=\"elementor-widget-wrap elementor-element-populated\">\n\t\t\t\t\t\t\t\t<div class=\"elementor-element elementor-element-a7b466d elementor-widget elementor-widget-text-editor\" data-id=\"a7b466d\" data-element_type=\"widget\" data-widget_type=\"text-editor.default\">\n\t\t\t\t<div class=\"elementor-widget-container\">\n\t\t\t\t\t\t\t<p><b>\u00c1reas<\/b><strong>\u00a0de Atua\u00e7\u00e3o;<\/strong><\/p><ul><li>Transtorno de Personalidade<\/li><li>Depress\u00e3o<\/li><li>Ansiedade<\/li><li>Crise de P\u00e2nico<\/li><li>TOC (Transtorno Obsessivo-Compulsivo)<\/li><li>TAG (Transtorno de Ansiedade Generalizada)<\/li><li>Transtorno de Estresse P\u00f3s-Traum\u00e1tico<\/li><\/ul><p>\u00a0<\/p><p><strong>T\u00e9cnicas terap\u00eauticas;<\/strong><\/p><ul><li>Hipnose Clinica<\/li><li>Regress\u00e3o<\/li><li>Orienta\u00e7\u00e3o Vocacional e Profissional.<\/li><\/ul>\t\t\t\t\t\t<\/div>\n\t\t\t\t<\/div>\n\t\t\t\t\t<\/div>\n\t\t<\/div>\n\t\t\t\t\t\t\t<\/div>\n\t\t<\/section>\n\t\t\t\t<section class=\"elementor-section elementor-top-section elementor-element elementor-element-cbe2659 elementor-section-height-min-height elementor-section-boxed elementor-section-height-default elementor-section-items-middle\" data-id=\"cbe2659\" data-element_type=\"section\" data-settings=\"{&quot;background_background&quot;:&quot;classic&quot;}\">\n\t\t\t\t\t\t<div class=\"elementor-container elementor-column-gap-default\">\n\t\t\t\t\t<div class=\"elementor-column elementor-col-100 elementor-top-column elementor-element elementor-element-1a8b7d2\" data-id=\"1a8b7d2\" data-element_type=\"column\">\n\t\t\t<div class=\"elementor-widget-wrap\">\n\t\t\t\t\t\t\t\t\t<\/div>\n\t\t<\/div>\n\t\t\t\t\t\t\t<\/div>\n\t\t<\/section>\n\t\t\t\t<section class=\"elementor-section elementor-top-section elementor-element elementor-element-0c24642 elementor-section-boxed elementor-section-height-default elementor-section-height-default\" data-id=\"0c24642\" data-element_type=\"section\">\n\t\t\t\t\t\t<div class=\"elementor-container elementor-column-gap-default\">\n\t\t\t\t\t<div class=\"elementor-column elementor-col-50 elementor-top-column elementor-element elementor-element-fb41167\" data-id=\"fb41167\" data-element_type=\"column\">\n\t\t\t<div class=\"elementor-widget-wrap elementor-element-populated\">\n\t\t\t\t\t\t\t\t<div class=\"elementor-element elementor-element-551cd01 elementor-widget elementor-widget-heading\" data-id=\"551cd01\" data-element_type=\"widget\" data-widget_type=\"heading.default\">\n\t\t\t\t<div class=\"elementor-widget-container\">\n\t\t\t<h2 class=\"elementor-heading-title elementor-size-default\">ATENDIMENTOS<\/h2>\t\t<\/div>\n\t\t\t\t<\/div>\n\t\t\t\t<div class=\"elementor-element elementor-element-d865e0e elementor-widget elementor-widget-heading\" data-id=\"d865e0e\" data-element_type=\"widget\" data-widget_type=\"heading.default\">\n\t\t\t\t<div class=\"elementor-widget-container\">\n\t\t\t<h2 class=\"elementor-heading-title elementor-size-default\">Hipnose Cl\u00ednica<\/h2>\t\t<\/div>\n\t\t\t\t<\/div>\n\t\t\t\t<div class=\"elementor-element elementor-element-eac2e2c elementor-widget elementor-widget-text-editor\" data-id=\"eac2e2c\" data-element_type=\"widget\" data-widget_type=\"text-editor.default\">\n\t\t\t\t<div class=\"elementor-widget-container\">\n\t\t\t\t\t\t\t<p><strong>Reprogramar a mente para superar traumas e h\u00e1bitos indesejados<\/strong><\/p>\t\t\t\t\t\t<\/div>\n\t\t\t\t<\/div>\n\t\t\t\t<div class=\"elementor-element elementor-element-49f3789 elementor-widget elementor-widget-text-editor\" data-id=\"49f3789\" data-element_type=\"widget\" data-widget_type=\"text-editor.default\">\n\t\t\t\t<div class=\"elementor-widget-container\">\n\t\t\t\t\t\t\t<p>O estado de hipnose facilita o acesso e a reprograma\u00e7\u00e3o dos conte\u00fados do subconsciente como emo\u00e7\u00f5es, mem\u00f3rias, imagina\u00e7\u00e3o, h\u00e1bitos e v\u00edcios.<\/p>\t\t\t\t\t\t<\/div>\n\t\t\t\t<\/div>\n\t\t\t\t<div class=\"elementor-element elementor-element-65e509e elementor-align-left elementor-widget elementor-widget-button\" data-id=\"65e509e\" data-element_type=\"widget\" data-widget_type=\"button.default\">\n\t\t\t\t<div class=\"elementor-widget-container\">\n\t\t\t\t\t<div class=\"elementor-button-wrapper\">\n\t\t\t<a href=\"#\" class=\"elementor-button-link elementor-button elementor-size-sm elementor-animation-push\" role=\"button\">\n\t\t\t\t\t\t<span class=\"elementor-button-content-wrapper\">\n\t\t\t\t\t\t<span class=\"elementor-button-text\">AGENDAR<\/span>\n\t\t<\/span>\n\t\t\t\t\t<\/a>\n\t\t<\/div>\n\t\t\t\t<\/div>\n\t\t\t\t<\/div>\n\t\t\t\t\t<\/div>\n\t\t<\/div>\n\t\t\t\t<div class=\"elementor-column elementor-col-50 elementor-top-column elementor-element elementor-element-890a812\" data-id=\"890a812\" data-element_type=\"column\">\n\t\t\t<div class=\"elementor-widget-wrap elementor-element-populated\">\n\t\t\t\t\t\t\t\t<div class=\"elementor-element elementor-element-7c55709 elementor-widget elementor-widget-text-editor\" data-id=\"7c55709\" data-element_type=\"widget\" data-widget_type=\"text-editor.default\">\n\t\t\t\t<div class=\"elementor-widget-container\">\n\t\t\t\t\t\t\t<p>A hipnose \u00e9 um estado de consci\u00eancia em vig\u00edlia no qual a camada subconsciente toma a frente enquanto a camada consciente fica no pano de fundo, o estado de vig\u00edlia comum \u00e9 o contr\u00e1rio, logo, mais dif\u00edcil se conectar com o subconsciente.<\/p><p><span style=\"letter-spacing: 0px;\">Hipnose n\u00e3o \u00e9 sobre ficar inconsciente ou perder o controle.<\/span><\/p><p>Um exemplo bem simples e comum deste estado de hipnose \u00e9 assistir a um bom filme que nos prende a aten\u00e7\u00e3o e nos emociona.<\/p><p>Perceba como entramos na hist\u00f3ria, esquecemos\u2026<\/p>\t\t\t\t\t\t<\/div>\n\t\t\t\t<\/div>\n\t\t\t\t\t<\/div>\n\t\t<\/div>\n\t\t\t\t\t\t\t<\/div>\n\t\t<\/section>\n\t\t\t\t\t\t\t<\/div>\n\t\t","protected":false},"excerpt":{"rendered":"<p>Vamos juntos nessa jornada Convido voc\u00ea a escolher um caminho longe de traumas e dores do passado que a\/o impedem de ter uma vida de realiza\u00e7\u00f5es. ABORDAGEM EMDR Eye Movement Dessensitization and Reprocessing Em portugu\u00eas significa Dessensibiliza\u00e7\u00e3o e Reprocessamento atrav\u00e9s do Movimento dos Olhos AGENDAR O EMDR \u00e9 uma abordagem psicoterap\u00eautica americana que desbloqueia mem\u00f3rias [&hellip;]<\/p>\n","protected":false},"author":1,"featured_media":0,"parent":0,"menu_order":0,"comment_status":"closed","ping_status":"closed","template":"elementor_header_footer","meta":[],"_links":{"self":[{"href":"https:\/\/rosangelavieirapsi.com.br\/index.php?rest_route=\/wp\/v2\/pages\/32"}],"collection":[{"href":"https:\/\/rosangelavieirapsi.com.br\/index.php?rest_route=\/wp\/v2\/pages"}],"about":[{"href":"https:\/\/rosangelavieirapsi.com.br\/index.php?rest_route=\/wp\/v2\/types\/page"}],"author":[{"embeddable":true,"href":"https:\/\/rosangelavieirapsi.com.br\/index.php?rest_route=\/wp\/v2\/users\/1"}],"replies":[{"embeddable":true,"href":"https:\/\/rosangelavieirapsi.com.br\/index.php?rest_route=%2Fwp%2Fv2%2Fcomments&post=32"}],"version-history":[{"count":53,"href":"https:\/\/rosangelavieirapsi.com.br\/index.php?rest_route=\/wp\/v2\/pages\/32\/revisions"}],"predecessor-version":[{"id":484,"href":"https:\/\/rosangelavieirapsi.com.br\/index.php?rest_route=\/wp\/v2\/pages\/32\/revisions\/484"}],"wp:attachment":[{"href":"https:\/\/rosangelavieirapsi.com.br\/index.php?rest_route=%2Fwp%2Fv2%2Fmedia&parent=32"}],"curies":[{"name":"wp","href":"https:\/\/api.w.org\/{rel}","templated":true}]}}